 base 10?
23
Convert -21 (base 13) to base 2.
-11011
Convert -4f (base 16) to base 12.
-67
-43 (base 6) to base 10
-27
Convert b8 (base 13) to base 5.
1101
Convert 121 (base 6) to base 14.
37
Convert 118 (base 11) to base 2.
10001100
What is -1 (base 5) in base 8?
-1
What is -16 (base 12) in base 10?
-18
10 (base 2) to base 12
2
Convert 6 (base 8) to base 13.
6
Convert -59 (base 10) to base 13.
-47
-130 (base 4) to base 9
-31
Convert 25 (base 16) to base 9.
41
What is 13 (base 4) in base 3?
21
Convert 1111 (base 3) to base 14.
2c
Convert -2 (base 6) to base 14.
-2
Convert 207 (base 9) to base 14.
c1
3 (base 4) to base 3
10
Convert -111 (base 2) to base 3.
-21
Convert 15 (base 7) to base 10.
12
Convert -7 (base 15) to base 3.
-21
What is 25 (base 8) in base 7?
30
-5 (base 15) to base 3
-12
Convert -10 (base 4) to base 15.
-4
Convert 8 (base 10) to base 13.
8
1a (base 11) to base 8
25
41 (base 8) to base 10
33
What is 44 (base 9) in base 12?
34
Convert -2 (base 13) to base 7.
-2
Convert -33 (base 4) to base 11.
-14
What is -110 (base 5) in base 8?
-36
What is -10 (base 5) in base 15?
-5
What is -3 (base 10) in base 3?
-10
-2 (base 4) to base 3
-2
What is 1 (base 8) in base 9?
1
Convert -1 (base 8) to base 9.
-1
12 (base 15) to base 14
13
4 (base 9) to base 3
11
Convert 8 (base 11) to base 13.
8
-31 (base 12) to base 14
-29
-5 (base 13) to base 7
-5
What is -15 (base 7) in base 3?
-110
112 (base 4) to base 12
1a
Convert 10 (base 13) to base 11.
12
Convert -230 (base 8) to base 2.
-10011000
What is b8 (base 14) in base 7?
321
-2a (base 14) to base 5
-123
What is -6 (base 16) in base 10?
-6
What is 74 (base 9) in base 15?
47
What is -31 (base 5) in base 2?
-10000
Convert 2 (base 6) to base 16.
2
Convert 6 (base 10) to base 8.
6
-11 (base 10) to base 5
-21
Convert -100000 (base 2) to base 14.
-24
9c (base 16) to base 4
2130
What is 12 (base 13) in base 2?
1111
Convert 2 (base 11) to base 8.
2
Convert 0 (base 4) to base 14.
0
21 (base 5) to base 9
12
0 (base 11) to base 14
0
Convert -27 (base 8) to base 10.
-23
What is 10000 (base 2) in base 11?
15
What is -1 (base 11) in base 16?
-1
2 (base 15) to base 3
2
Convert -66 (base 14) to base 7.
-156
Convert 30 (base 10) to base 16.
1e
What is -5 (base 13) in base 12?
-5
What is 13e (base 15) in base 14?
164
3 (base 11) to base 5
3
What is 2c (base 16) in base 13?
35
What is -1a (base 16) in base 9?
-28
Convert 1112 (base 4) to base 7.
152
Convert -2222 (base 3) to base 5.
-310
What is 0 (base 4) in base 14?
0
68 (base 11) to base 16
4a
5 (base 13) to base 11
5
What is 3003 (base 4) in base 8?
303
Convert -4 (base 15) to base 4.
-10
213 (base 4) to base 12
33
26 (base 14) to base 6
54
What is -20 (base 3) in base 11?
-6
What is 4 (base 13) in base 11?
4
2 (base 8) to base 15
2
Convert -66 (base 9) to base 2.
-111100
What is 0 (base 8) in base 6?
0
Convert -1001 (base 3) to base 14.
-20
What is -62 (base 11) in base 8?
-104
What is -202 (base 3) in base 9?
-22
Convert 3 (base 8) to base 13.
3
Convert -1 (base 7) to base 15.
-1
-112 (base 6) to base 7
-62
Convert -57 (base 9) to base 15.
-37
What is 60 (base 8) in base 4?
300
What is -3 (base 8) in base 6?
-3
4 (base 13) to base 6
4
b3 (base 15) to base 3
20020
What is -1101000 (base 2) in base 7?
-206
Convert 2 (base 15) to base 8.
2
-100 (base 2) to base 5
-4
What is -100101000 (base 2) in base 14?
-172
What is -135 (base 9) in base 13?
-89
What is -1 (base 8) in base 7?
-1
What is -4 (base 14) in base 15?
-4
Convert -4 (base 11) to base 15.
-4
Convert 65 (base 8) to base 16.
35
Convert 40 (base 6) to base 10.
24
Convert -1111110 (base 2) to base 6.
-330
What is -16d (base 15) in base 6?
-1304
What is -14 (base 14) in base 10?
-18
What is -5b (base 16) in base 7?
-160
Convert -100 (base 4) to base 13.
-13
340 (base 6) to base 13
a2
Convert 121 (base 6) to base 4.
301
-45 (base 15) to base 2
-1000001
10 (base 4) to base 10
4
Convert 1001001 (base 2) to base 11.
67
What is 0 (base 7) in base 5?
0
Convert -10110101 (base 2) to base 4.
-2311
-229 (base 12) to base 3
-102220
Convert 23 (base 8) to base 16.
13
What is 11 (base 8) in base 4?
21
Convert 25 (base 10) to base 14.
1b
-414 (base 5) to base 7
-214
-11 (base 4) to base 2
-101
What is -a (base 14) in base 10?
-10
1 (base 6) to base 8
1
2 (base 13) to base 16
2
-7 (base 8) to base 3
-21
What is -20 (base 4) in base 10?
-8
Convert 34 (base 8) to base 15.
1d
-4 (base 16) to base 9
-4
Convert -76 (base 8) to base 3.
-2022
What is 16 (base 12) in base 3?
200
What is 2 (base 5) in base 12?
2
7a (base 13) to base 4
1211
Convert 5 (base 9) to base 5.
10
3 (base 12) to base 11
3
Convert -10110011 (base 2) to base 3.
-20122
14 (base 11) to base 9
16
2 (base 16) to base 9
2
Convert 10 (base 2) to base 15.
2
What is 112 (base 15) in base 9?
288
282 (base 9) to base 16
ec
What is -10 (base 8) in base 13?
-8
What is 4 (base 6) in base 7?
4
0 (base 6) to base 12
0
Convert 0 (base 16) to base 15.
0
What is 2 (base 10) in base 3?
2
Convert -3 (base 14) to base 16.
-3
Convert 4 (base 7) to base 11.
4
What is -3 (base 14) in base 10?
-3
What is b (base 15) in base 7?
14
Convert 22111 (base 3) to base 2.
11100101
Convert -3 (base 14) to base 9.
-3
Convert 13 (base 4) to base 2.
111
-21 (base 4) to base 9
-10
11202 (base 3) to base 4
2000
What is 20 (base 5) in base 8?
12
7 (base 12) to base 5
12
Convert 0 (base 9) to base 8.
0
What is -7 (base 13) in base 14?
-7
What is 8 (base 14) in base 3?
22
-5 (base 8) to base 14
-5
Convert -21 (base 9) to base 7.
-25
What is -69 (base 14) in base 12?
-79
54 (base 9) to base 2
110001
What is -17 (base 12) in base 2?
-10011
What is -1022 (base 3) in base 11?
-32
8c (base 16) to base 14
a0
8 (base 9) to base 12
8
13 (base 11) to base 13
11
Convert -2 (base 3) to base 10.
-2
Convert c (base 14) to base 4.
30
Convert -22 (base 9) to base 2.
-10100
Convert -183 (base 13) to base 4.
-10110
-be (base 15) to base 5
-1204
Convert 1 (base 6) to base 14.
1
-2 (base 14) to base 15
-2
Convert 1 (base 9) to base 11.
1
-66 (base 12) to base 16
-4e
What is 1001 (base 2) in base 5?
14
Convert 1 (base 5) to base 9.
1
Convert 11 (base 5) to base 13.
6
What is -11 (base 8) in base 12?
-9
Convert 3 (base 14) to base 12.
3
-12110 (base 3) to base 8
-223
What is 19b (base 13) in base 16?
129
What is 3 (base 13) in base 10?
3
-5 (base 16) to base 3
-12
Convert 10 (base 3) to base 15.
3
What is 35 (base 13) in base 9?
48
Convert -3d (base 16) to base 4.
-331
What is 3 (base 11) in base 6?
3
What is -2 (base 15) in base 2?
-10
What is 50 (base 9) in base 11?
41
What is -4 (base 16) in base 3?
-11
Convert -6 (base 7) to base 6.
-10
1 (base 12) to base 7
1
Convert 63 (base 10) to base 7.
120
What is -6 (base 16) in base 4?
-12
What is 3 (base 13) in base 14?
3
Convert -1001 (base 2) to base 6.
-13
-3 (base 16) to base 7
-3
Convert -10 (base 2) to base 8.
-2
Convert 213 (base 10) to base 2.
11010101
Convert -6c (base 15) to base 12.
-86
10011 (base 2) to base 14
15
3 (base 10) to base 12
3
-37 (base 14) to base 16
-31
Convert 3 (base 8) to base 14.
3
-ae (base 15) to base 6
-432
-21 (base 5) to base 2
-1011
What is 1011 (base 3) in base 9?
34
What is -211 (base 3) in base 16?
-16
Convert 124 (base 6) to base 3.
1221
Convert 146 (base 9) to base 6.
323
-1a (base 11) to base 14
-17
What is 9 (base 10) in base 4?
21
Convert -27 (base 10) to base 16.
-1b
Convert -10 (base 3) to base 6.
-3
What is 40 (base 12) in base 13?
39
5b (base 12) to base 11
65
5 (base 13) to base 3
12
Convert 1 (base 3) to base 9.
1
3 (base 10) to base 11
3
-2 (base 5) to base 7
-2
What is 3 (base 12) in base 2?
11
Convert -10 (base 3) to base 2.
-11
What is 0 (base 10) in base 16?
0
3 (base 15) to base 11
3
Convert -3 (base 15) to base 12.
-3
What is -15 (base 13) in base 12?
-16
Convert 11 (base 5) to base 6.
10
-1c (base 16) to base 9
-31
Convert 1 (base 4) to base 5.
1
-144 (base 10) to base 13
-b1
What is 40 (base 11) in base 14?
32
What is -131 (base 5) in base 3?
-1112
Convert 3 (base 4) to base 2.
11
Convert 2 (base 12) to base 13.
2
What is -1110111 (base 2) in base 10?
-119
Convert -110101 (base 2) to base 12.
-45
What is 0 (base 11) in base 8?
0
What is 131 (base 7) in base 10?
71
What is -30 (base 6) in base 10?
-18
Convert 111